{"id":70176,"date":"2021-01-14T17:11:20","date_gmt":"2021-01-14T17:11:20","guid":{"rendered":"https:\/\/trevorjonesltd.co.uk\/shop\/?post_type=product&#038;p=70176"},"modified":"2025-11-13T17:04:02","modified_gmt":"2025-11-13T17:04:02","slug":"perinet-trompe-de-chasse","status":"publish","type":"product","link":"https:\/\/trevorjonesltd.co.uk\/shop\/product\/perinet-trompe-de-chasse\/","title":{"rendered":"Perinet Trompe de Chasse"},"content":{"rendered":"<h2>Perinet Trompe de Chasse<\/h2>\n<p>Perinet Trompe de Chasse in non-playing condition. Perinet is best know as the inventor of the modern piston valve which is still in general use today.<\/p>\n<h2 id=\"firstHeading\" class=\"firstHeading\" lang=\"en\">Fran\u00e7ois P\u00e9rinet<\/h2>\n<p>P\u00e9rinet was originally from Savoy. He apprenticed with instrument builder Auguste Raoux, where P\u00e9rinet took an interest in the new valved brass instruments being produced in Germany, based on the invention of valved horns by Heinrich St\u00f6lzel and Friedrich Bl\u00fchmel. In 1829, P\u00e9rinet designed a new model of the cornet, adding a third valve and allowing it to play a full range of notes. In the same year, he left Raoux and started his own business. In 1838, he patented the system of valves with staggered openings which became known as the &#8220;P\u00e9rinet system&#8221;; this is the basis for the system still used for most trumpets and brass instruments today. <sup id=\"cite_ref-1\" class=\"reference\"><\/sup>Competition with other manufacturers (notably Adolphe Sax, who held a monopoly on the supply of instruments to the military and numerous theatres, forced P\u00e9rinet to sell his business in 1857. At this point, he changed his focus away from valved instruments to building natural horns. He reopened the business as <i>Fran\u00e7ois P\u00e9rinet, Pettex-Muffat &amp; Cie<\/i> in 1859. The company <i>P\u00e9rinet<\/i> still exists today, manufacturing hunting horns, although P\u00e9rinet himself had left by the early 1860s and it is unclear where or when he died.<\/p>\n<p>&nbsp;<\/p>\n","protected":false},"excerpt":{"rendered":"<p>Trompe de Chasse in non-playing condition. Perinet is best know as the inventor of the modern piston valve which is still in general use today.<\/p>\n<div class=\"term-description\">\n<h4><\/h4>\n<\/div>\n","protected":false},"featured_media":70188,"comment_status":"open","ping_status":"closed","template":"","meta":[],"product_brand":[],"product_cat":[2233,2253],"product_tag":[2234],"class_list":{"0":"post-70176","1":"product","2":"type-product","3":"status-publish","4":"has-post-thumbnail","6":"product_cat-trompe-de-chasse","7":"product_cat-vintage-brass-instruments","8":"product_tag-perinet","9":"product_shipping_class-small-item","11":"first","12":"instock","13":"purchasable","14":"product-type-simple"},"yoast_head":"<!-- This site is optimized with the Yoast SEO Premium plugin v27.3 (Yoast SEO v27.3) - https:\/\/yoast.com\/product\/yoast-seo-premium-wordpress\/ -->\n<title>Perinet Trompe de Chasse Non-playing collectible Cor de chasse<\/title>\n<meta name=\"description\" content=\"Perinet Trompe de Chasse in non-playing condition. Perinet is best know as the inventor of the modern piston valve still used today...\" \/>\n<meta name=\"robots\" content=\"index, follow, max-snippet:-1, max-image-preview:large, max-video-preview:-1\" \/>\n<link rel=\"canonical\" href=\"https:\/\/trevorjonesltd.co.uk\/shop\/product\/perinet-trompe-de-chasse\/\" \/>\n<meta property=\"og:locale\" content=\"en_GB\" \/>\n<meta property=\"og:type\" content=\"article\" \/>\n<meta property=\"og:title\" content=\"Perinet Trompe de Chasse\" \/>\n<meta property=\"og:description\" content=\"Perinet Trompe de Chasse in non-playing condition. Perinet is best know as the inventor of the modern piston valve still used today...\" \/>\n<meta property=\"og:url\" content=\"https:\/\/trevorjonesltd.co.uk\/shop\/product\/perinet-trompe-de-chasse\/\" \/>\n<meta property=\"og:site_name\" content=\"Trevor Jones Brass &amp; Woodwind\" \/>\n<meta property=\"article:modified_time\" content=\"2025-11-13T17:04:02+00:00\" \/>\n<meta property=\"og:image\" content=\"https:\/\/trevorjonesltd.co.uk\/shop\/wp-content\/uploads\/2021\/01\/perinet-trompe-de-chasse.jpg\" \/>\n\t<meta property=\"og:image:width\" content=\"1500\" \/>\n\t<meta property=\"og:image:height\" content=\"1500\" \/>\n\t<meta property=\"og:image:type\" content=\"image\/jpeg\" \/>\n<meta name=\"twitter:card\" content=\"summary_large_image\" \/>\n<meta name=\"twitter:label1\" content=\"Price\" \/>\n\t<meta name=\"twitter:data1\" content=\"&pound;399.00\" \/>\n\t<meta name=\"twitter:label2\" content=\"Availability\" \/>\n\t<meta name=\"twitter:data2\" content=\"In stock\" \/>\n<script type=\"application\/ld+json\" class=\"yoast-schema-graph\">{\"@context\":\"https:\\\/\\\/schema.org\",\"@graph\":[{\"@type\":[\"WebPage\",\"ItemPage\"],\"@id\":\"https:\\\/\\\/trevorjonesltd.co.uk\\\/shop\\\/product\\\/perinet-trompe-de-chasse\\\/\",\"url\":\"https:\\\/\\\/trevorjonesltd.co.uk\\\/shop\\\/product\\\/perinet-trompe-de-chasse\\\/\",\"name\":\"Perinet Trompe de Chasse Non-playing collectible Cor de chasse\",\"isPartOf\":{\"@id\":\"https:\\\/\\\/trevorjonesltd.co.uk\\\/shop\\\/#website\"},\"primaryImageOfPage\":{\"@id\":\"https:\\\/\\\/trevorjonesltd.co.uk\\\/shop\\\/product\\\/perinet-trompe-de-chasse\\\/#primaryimage\"},\"image\":{\"@id\":\"https:\\\/\\\/trevorjonesltd.co.uk\\\/shop\\\/product\\\/perinet-trompe-de-chasse\\\/#primaryimage\"},\"thumbnailUrl\":\"https:\\\/\\\/trevorjonesltd.co.uk\\\/shop\\\/wp-content\\\/uploads\\\/2021\\\/01\\\/perinet-trompe-de-chasse.jpg\",\"datePublished\":\"2021-01-14T17:11:20+00:00\",\"dateModified\":\"2025-11-13T17:04:02+00:00\",\"description\":\"Perinet Trompe de Chasse in non-playing condition. Perinet is best know as the inventor of the modern piston valve still used today...\",\"breadcrumb\":{\"@id\":\"https:\\\/\\\/trevorjonesltd.co.uk\\\/shop\\\/product\\\/perinet-trompe-de-chasse\\\/#breadcrumb\"},\"inLanguage\":\"en-GB\",\"potentialAction\":[{\"@type\":\"ReadAction\",\"target\":[\"https:\\\/\\\/trevorjonesltd.co.uk\\\/shop\\\/product\\\/perinet-trompe-de-chasse\\\/\"]}]},{\"@type\":\"ImageObject\",\"inLanguage\":\"en-GB\",\"@id\":\"https:\\\/\\\/trevorjonesltd.co.uk\\\/shop\\\/product\\\/perinet-trompe-de-chasse\\\/#primaryimage\",\"url\":\"https:\\\/\\\/trevorjonesltd.co.uk\\\/shop\\\/wp-content\\\/uploads\\\/2021\\\/01\\\/perinet-trompe-de-chasse.jpg\",\"contentUrl\":\"https:\\\/\\\/trevorjonesltd.co.uk\\\/shop\\\/wp-content\\\/uploads\\\/2021\\\/01\\\/perinet-trompe-de-chasse.jpg\",\"width\":1500,\"height\":1500,\"caption\":\"Perinet Trompe de Chasse\"},{\"@type\":\"BreadcrumbList\",\"@id\":\"https:\\\/\\\/trevorjonesltd.co.uk\\\/shop\\\/product\\\/perinet-trompe-de-chasse\\\/#breadcrumb\",\"itemListElement\":[{\"@type\":\"ListItem\",\"position\":1,\"name\":\"Home\",\"item\":\"https:\\\/\\\/trevorjonesltd.co.uk\\\/shop\\\/\"},{\"@type\":\"ListItem\",\"position\":2,\"name\":\"Trevor Jones Brass &amp; Woodwind\",\"item\":\"https:\\\/\\\/trevorjonesltd.co.uk\\\/shop\\\/shop-2-2\\\/\"},{\"@type\":\"ListItem\",\"position\":3,\"name\":\"Instruments\",\"item\":\"https:\\\/\\\/trevorjonesltd.co.uk\\\/shop\\\/product-category\\\/instruments\\\/\"},{\"@type\":\"ListItem\",\"position\":4,\"name\":\"Brass Instruments\",\"item\":\"https:\\\/\\\/trevorjonesltd.co.uk\\\/shop\\\/product-category\\\/instruments\\\/brass-instruments\\\/\"},{\"@type\":\"ListItem\",\"position\":5,\"name\":\"Trompe de Chasse\",\"item\":\"https:\\\/\\\/trevorjonesltd.co.uk\\\/shop\\\/product-category\\\/instruments\\\/brass-instruments\\\/trompe-de-chasse\\\/\"},{\"@type\":\"ListItem\",\"position\":6,\"name\":\"Perinet Trompe de Chasse\"}]},{\"@type\":\"WebSite\",\"@id\":\"https:\\\/\\\/trevorjonesltd.co.uk\\\/shop\\\/#website\",\"url\":\"https:\\\/\\\/trevorjonesltd.co.uk\\\/shop\\\/\",\"name\":\"Trevor Jones Brass &amp; Woodwind\",\"description\":\"\",\"publisher\":{\"@id\":\"https:\\\/\\\/trevorjonesltd.co.uk\\\/shop\\\/#organization\"},\"potentialAction\":[{\"@type\":\"SearchAction\",\"target\":{\"@type\":\"EntryPoint\",\"urlTemplate\":\"https:\\\/\\\/trevorjonesltd.co.uk\\\/shop\\\/?s={search_term_string}\"},\"query-input\":{\"@type\":\"PropertyValueSpecification\",\"valueRequired\":true,\"valueName\":\"search_term_string\"}}],\"inLanguage\":\"en-GB\"},{\"@type\":\"Organization\",\"@id\":\"https:\\\/\\\/trevorjonesltd.co.uk\\\/shop\\\/#organization\",\"name\":\"TREVOR JONES BRASS & WOODWIND LTD\",\"url\":\"https:\\\/\\\/trevorjonesltd.co.uk\\\/shop\\\/\",\"logo\":{\"@type\":\"ImageObject\",\"inLanguage\":\"en-GB\",\"@id\":\"https:\\\/\\\/trevorjonesltd.co.uk\\\/shop\\\/#\\\/schema\\\/logo\\\/image\\\/\",\"url\":\"https:\\\/\\\/i1.wp.com\\\/trevorjonesltd.co.uk\\\/shop\\\/wp-content\\\/uploads\\\/2019\\\/10\\\/logo31.jpg?fit=160%2C75&ssl=1\",\"contentUrl\":\"https:\\\/\\\/i1.wp.com\\\/trevorjonesltd.co.uk\\\/shop\\\/wp-content\\\/uploads\\\/2019\\\/10\\\/logo31.jpg?fit=160%2C75&ssl=1\",\"width\":160,\"height\":75,\"caption\":\"TREVOR JONES BRASS & WOODWIND LTD\"},\"image\":{\"@id\":\"https:\\\/\\\/trevorjonesltd.co.uk\\\/shop\\\/#\\\/schema\\\/logo\\\/image\\\/\"}}]}<\/script>\n<meta property=\"product:brand\" content=\"Perinet\" \/>\n<meta property=\"product:price:amount\" content=\"399.00\" \/>\n<meta property=\"product:price:currency\" content=\"GBP\" \/>\n<meta property=\"og:availability\" content=\"instock\" \/>\n<meta property=\"product:availability\" content=\"instock\" \/>\n<meta property=\"product:retailer_item_id\" content=\"TJ_448595\" \/>\n<meta property=\"product:condition\" content=\"new\" \/>\n<!-- \/ Yoast SEO Premium plugin. -->","yoast_head_json":{"title":"Perinet Trompe de Chasse Non-playing collectible Cor de chasse","description":"Perinet Trompe de Chasse in non-playing condition. Perinet is best know as the inventor of the modern piston valve still used today...","robots":{"index":"index","follow":"follow","max-snippet":"max-snippet:-1","max-image-preview":"max-image-preview:large","max-video-preview":"max-video-preview:-1"},"canonical":"https:\/\/trevorjonesltd.co.uk\/shop\/product\/perinet-trompe-de-chasse\/","og_locale":"en_GB","og_type":"article","og_title":"Perinet Trompe de Chasse","og_description":"Perinet Trompe de Chasse in non-playing condition. Perinet is best know as the inventor of the modern piston valve still used today...","og_url":"https:\/\/trevorjonesltd.co.uk\/shop\/product\/perinet-trompe-de-chasse\/","og_site_name":"Trevor Jones Brass &amp; Woodwind","article_modified_time":"2025-11-13T17:04:02+00:00","og_image":[{"width":1500,"height":1500,"url":"https:\/\/trevorjonesltd.co.uk\/shop\/wp-content\/uploads\/2021\/01\/perinet-trompe-de-chasse.jpg","type":"image\/jpeg"}],"twitter_card":"summary_large_image","twitter_misc":{"Price":"&pound;399.00","Availability":"In stock"},"schema":{"@context":"https:\/\/schema.org","@graph":[{"@type":["WebPage","ItemPage"],"@id":"https:\/\/trevorjonesltd.co.uk\/shop\/product\/perinet-trompe-de-chasse\/","url":"https:\/\/trevorjonesltd.co.uk\/shop\/product\/perinet-trompe-de-chasse\/","name":"Perinet Trompe de Chasse Non-playing collectible Cor de chasse","isPartOf":{"@id":"https:\/\/trevorjonesltd.co.uk\/shop\/#website"},"primaryImageOfPage":{"@id":"https:\/\/trevorjonesltd.co.uk\/shop\/product\/perinet-trompe-de-chasse\/#primaryimage"},"image":{"@id":"https:\/\/trevorjonesltd.co.uk\/shop\/product\/perinet-trompe-de-chasse\/#primaryimage"},"thumbnailUrl":"https:\/\/trevorjonesltd.co.uk\/shop\/wp-content\/uploads\/2021\/01\/perinet-trompe-de-chasse.jpg","datePublished":"2021-01-14T17:11:20+00:00","dateModified":"2025-11-13T17:04:02+00:00","description":"Perinet Trompe de Chasse in non-playing condition. Perinet is best know as the inventor of the modern piston valve still used today...","breadcrumb":{"@id":"https:\/\/trevorjonesltd.co.uk\/shop\/product\/perinet-trompe-de-chasse\/#breadcrumb"},"inLanguage":"en-GB","potentialAction":[{"@type":"ReadAction","target":["https:\/\/trevorjonesltd.co.uk\/shop\/product\/perinet-trompe-de-chasse\/"]}]},{"@type":"ImageObject","inLanguage":"en-GB","@id":"https:\/\/trevorjonesltd.co.uk\/shop\/product\/perinet-trompe-de-chasse\/#primaryimage","url":"https:\/\/trevorjonesltd.co.uk\/shop\/wp-content\/uploads\/2021\/01\/perinet-trompe-de-chasse.jpg","contentUrl":"https:\/\/trevorjonesltd.co.uk\/shop\/wp-content\/uploads\/2021\/01\/perinet-trompe-de-chasse.jpg","width":1500,"height":1500,"caption":"Perinet Trompe de Chasse"},{"@type":"BreadcrumbList","@id":"https:\/\/trevorjonesltd.co.uk\/shop\/product\/perinet-trompe-de-chasse\/#breadcrumb","itemListElement":[{"@type":"ListItem","position":1,"name":"Home","item":"https:\/\/trevorjonesltd.co.uk\/shop\/"},{"@type":"ListItem","position":2,"name":"Trevor Jones Brass &amp; Woodwind","item":"https:\/\/trevorjonesltd.co.uk\/shop\/shop-2-2\/"},{"@type":"ListItem","position":3,"name":"Instruments","item":"https:\/\/trevorjonesltd.co.uk\/shop\/product-category\/instruments\/"},{"@type":"ListItem","position":4,"name":"Brass Instruments","item":"https:\/\/trevorjonesltd.co.uk\/shop\/product-category\/instruments\/brass-instruments\/"},{"@type":"ListItem","position":5,"name":"Trompe de Chasse","item":"https:\/\/trevorjonesltd.co.uk\/shop\/product-category\/instruments\/brass-instruments\/trompe-de-chasse\/"},{"@type":"ListItem","position":6,"name":"Perinet Trompe de Chasse"}]},{"@type":"WebSite","@id":"https:\/\/trevorjonesltd.co.uk\/shop\/#website","url":"https:\/\/trevorjonesltd.co.uk\/shop\/","name":"Trevor Jones Brass &amp; Woodwind","description":"","publisher":{"@id":"https:\/\/trevorjonesltd.co.uk\/shop\/#organization"},"potentialAction":[{"@type":"SearchAction","target":{"@type":"EntryPoint","urlTemplate":"https:\/\/trevorjonesltd.co.uk\/shop\/?s={search_term_string}"},"query-input":{"@type":"PropertyValueSpecification","valueRequired":true,"valueName":"search_term_string"}}],"inLanguage":"en-GB"},{"@type":"Organization","@id":"https:\/\/trevorjonesltd.co.uk\/shop\/#organization","name":"TREVOR JONES BRASS & WOODWIND LTD","url":"https:\/\/trevorjonesltd.co.uk\/shop\/","logo":{"@type":"ImageObject","inLanguage":"en-GB","@id":"https:\/\/trevorjonesltd.co.uk\/shop\/#\/schema\/logo\/image\/","url":"https:\/\/i1.wp.com\/trevorjonesltd.co.uk\/shop\/wp-content\/uploads\/2019\/10\/logo31.jpg?fit=160%2C75&ssl=1","contentUrl":"https:\/\/i1.wp.com\/trevorjonesltd.co.uk\/shop\/wp-content\/uploads\/2019\/10\/logo31.jpg?fit=160%2C75&ssl=1","width":160,"height":75,"caption":"TREVOR JONES BRASS & WOODWIND LTD"},"image":{"@id":"https:\/\/trevorjonesltd.co.uk\/shop\/#\/schema\/logo\/image\/"}}]},"product_brand":"Perinet","product_price_amount":"399.00","product_price_currency":"GBP","og_availability":"instock","product_availability":"instock","product_retailer_item_id":"TJ_448595","product_condition":"new"},"jetpack_sharing_enabled":true,"_links":{"self":[{"href":"https:\/\/trevorjonesltd.co.uk\/shop\/wp-json\/wp\/v2\/product\/70176","targetHints":{"allow":["GET"]}}],"collection":[{"href":"https:\/\/trevorjonesltd.co.uk\/shop\/wp-json\/wp\/v2\/product"}],"about":[{"href":"https:\/\/trevorjonesltd.co.uk\/shop\/wp-json\/wp\/v2\/types\/product"}],"replies":[{"embeddable":true,"href":"https:\/\/trevorjonesltd.co.uk\/shop\/wp-json\/wp\/v2\/comments?post=70176"}],"wp:featuredmedia":[{"embeddable":true,"href":"https:\/\/trevorjonesltd.co.uk\/shop\/wp-json\/wp\/v2\/media\/70188"}],"wp:attachment":[{"href":"https:\/\/trevorjonesltd.co.uk\/shop\/wp-json\/wp\/v2\/media?parent=70176"}],"wp:term":[{"taxonomy":"product_brand","embeddable":true,"href":"https:\/\/trevorjonesltd.co.uk\/shop\/wp-json\/wp\/v2\/product_brand?post=70176"},{"taxonomy":"product_cat","embeddable":true,"href":"https:\/\/trevorjonesltd.co.uk\/shop\/wp-json\/wp\/v2\/product_cat?post=70176"},{"taxonomy":"product_tag","embeddable":true,"href":"https:\/\/trevorjonesltd.co.uk\/shop\/wp-json\/wp\/v2\/product_tag?post=70176"}],"curies":[{"name":"wp","href":"https:\/\/api.w.org\/{rel}","templated":true}]}}